{"id":24,"date":"2026-02-22T15:34:23","date_gmt":"2026-02-22T15:34:23","guid":{"rendered":"https:\/\/apartment-quedlinburg.de\/?page_id=24"},"modified":"2026-03-13T07:31:38","modified_gmt":"2026-03-13T07:31:38","slug":"24-2","status":"publish","type":"page","link":"https:\/\/apartment-quedlinburg.de\/","title":{"rendered":"Ferienwohnungen in Quedlinburg"},"content":{"rendered":"\n<h2 class=\"wp-block-heading\"><\/h2>\n\n\n\n<p>Erleben Sie Quedlinburg von einer <strong>zentral gelegenen, stilvollen Altstadtvilla<\/strong> aus. Ruhig und pers\u00f6nlich eingerichtet, ideal f\u00fcr Paare, Familien oder Gesch\u00e4ftsreisende, die N\u00e4he zur Altstadt und Komfort sch\u00e4tzen.<\/p>\n\n\n\n<p>Lage und Geb\u00e4ude<\/p>\n\n\n\n<p>Die Wohnungen befinden sich in Quedlinburg in einer <strong>Altstadtvilla<\/strong>, die 1860 erbaut wurde und das erste Haus in der Bahnhofstra\u00dfe war. Die Lage ist <strong>fu\u00dfl\u00e4ufig<\/strong>: Marktplatz, B\u00e4cker, Geldautomat, Apotheke und weitere Einkaufsm\u00f6glichkeiten erreichen Sie in wenigen Minuten.<\/p>\n\n\n\n<p>Ausstattung<\/p>\n\n\n\n<p>Wohnungen bietet Platz f\u00fcr <strong>bis zu 7 Personen<\/strong>, eine Wohnung mit zwei Schlafzimmer sowie eine mit einem Wohn\u2011 und Essbereich. Die Wohnungen sind <strong>vollst\u00e4ndig f\u00fcr die Selbstversorgung ausgestattet<\/strong>. <strong>WLAN<\/strong> ist schnell genug f\u00fcr mobiles Arbeiten. Ein kostenloser Parkplatz steht zur Verf\u00fcgung.<\/p>\n\n\n\n<p><\/p>\n\n\n\n<p>Check\u2011in<\/p>\n\n\n\n<p>Schl\u00fcssel\u00fcbergabe ist auf Wunsch per Schl\u00fcsselkasten m\u00f6glich. Garten und Sitzecke stehen G\u00e4sten zur Verf\u00fcgung.<\/p>\n\n\n\n<p><\/p>\n\n\n","protected":false},"excerpt":{"rendered":"<p>Erleben Sie Quedlinburg von einer zentral gelegenen, stilvollen Altstadtvilla aus. Ruhig und pers\u00f6nlich eingerichtet, ideal f\u00fcr Paare, Familien oder Gesch\u00e4ftsreisende, die N\u00e4he zur Altstadt und Komfort sch\u00e4tzen. Lage und Geb\u00e4ude Die Wohnungen befinden sich in Quedlinburg in einer Altstadtvilla, die 1860 erbaut wurde und das erste Haus in der Bahnhofstra\u00dfe war. Die Lage ist fu\u00dfl\u00e4ufig: [&hellip;]<\/p>\n","protected":false},"author":1,"featured_media":0,"parent":0,"menu_order":0,"comment_status":"closed","ping_status":"closed","template":"","meta":{"footnotes":""},"class_list":["post-24","page","type-page","status-publish","hentry"],"_links":{"self":[{"href":"https:\/\/apartment-quedlinburg.de\/index.php?rest_route=\/wp\/v2\/pages\/24","targetHints":{"allow":["GET"]}}],"collection":[{"href":"https:\/\/apartment-quedlinburg.de\/index.php?rest_route=\/wp\/v2\/pages"}],"about":[{"href":"https:\/\/apartment-quedlinburg.de\/index.php?rest_route=\/wp\/v2\/types\/page"}],"author":[{"embeddable":true,"href":"https:\/\/apartment-quedlinburg.de\/index.php?rest_route=\/wp\/v2\/users\/1"}],"replies":[{"embeddable":true,"href":"https:\/\/apartment-quedlinburg.de\/index.php?rest_route=%2Fwp%2Fv2%2Fcomments&post=24"}],"version-history":[{"count":8,"href":"https:\/\/apartment-quedlinburg.de\/index.php?rest_route=\/wp\/v2\/pages\/24\/revisions"}],"predecessor-version":[{"id":155,"href":"https:\/\/apartment-quedlinburg.de\/index.php?rest_route=\/wp\/v2\/pages\/24\/revisions\/155"}],"wp:attachment":[{"href":"https:\/\/apartment-quedlinburg.de\/index.php?rest_route=%2Fwp%2Fv2%2Fmedia&parent=24"}],"curies":[{"name":"wp","href":"https:\/\/api.w.org\/{rel}","templated":true}]}}